 + 72. Let a be m(7). Calculate the greatest common factor of a and 18.
9
Suppose 0 = 6*r - 3012 - 1308. What is the greatest common factor of r and 30?
30
Let g = 878 - 286. Calculate the greatest common divisor of 16 and g.
16
Let q(n) = -5*n**2 - 4*n + 134. Let o be q(0). What is the greatest common divisor of o and 469?
67
Suppose -1266*k + 1256*k + 12350 = 0. What is the greatest common divisor of k and 95?
95
Suppose 0 = -3*z + 8*z - 25. Suppose -z*p = -14 - 6. Suppose -8 = -p*x, 0 = -4*a + 4*x + 157 + 215. What is the greatest common divisor of a and 19?
19
Suppose -5*v + 2*r + 105 = 0, 0*r - 2*r = 4*v - 66. Let y be -2 + (21/14)/(9/696). What is the highest common factor of v and y?
19
Suppose 6*p - 1142 = 2686. What is the greatest common divisor of p and 58?
58
Let c be ((-3)/9)/((-1)/15). Let a be (1*(-6 + 1))/((-5)/55). Suppose 3*q + 45 = 2*z - 0*z, -z - c*q = -a. Calculate the greatest common divisor of 6 and z.
6
Suppose 2*i + 48 + 60 = 0. Let z = 82 + i. Calculate the highest common factor of 84 and z.
28
Let j = 61 + 128. Calculate the highest common factor of 108 and j.
27
Let d(y) = -y**3 - 6*y**2 - 6*y - 5. Let a be d(-5). Suppose b - 4*m = 5*b - 60, a = -5*b - 3*m + 69. What is the greatest common factor of 120 and b?
12
Let i = -3147 - -3207. What is the highest common divisor of 1164 and i?
12
Let f be (-903)/(-126) + (-2)/12. Suppose -2*r = s - 8, s = 5*r - f + 1. Suppose -10 = -2*m - r. Calculate the highest common divisor of m and 32.
4
Let d = 119 - 111. Suppose 0 = -3*k + 12, -6 + 1 = o - 2*k. Let h be o/2*(-12)/(-18). What is the highest common factor of d and h?
1
Let m = 462 + -184. Suppose 0 = 4*v - m - 162. Let c = 12 + -2. Calculate the greatest common factor of c and v.
10
Suppose 52*z = -278 + 1058. Calculate the highest common divisor of z and 50.
5
Suppose -3*i = y - 4*y - 42, -5*i + 15 = 0. Let q = 15 + y. Suppose 0 = a - 3*b + 2*b - q, a = -5*b + 28. Calculate the greatest common factor of a and 4.
4
Suppose 4*h = 5*u + 527, 0 = -0*h - 2*h - 5*u + 241. What is the greatest common factor of h and 24?
8
Let w = 1055 + -551. What is the highest common factor of w and 288?
72
Let m = -64 - -74. Let y be m/3*22*(6 + -3). What is the highest common factor of 88 and y?
44
Let m be 4/(-18) + (-274)/(-18). Suppose -2*w - a = -4*a - 1, 0 = -5*a - m. Let b be (-12)/(w/14 + 0). Calculate the highest common divisor of 105 and b.
21
Let i be 8/12 - 12/(-9). Suppose -3*x + 143 + 124 = 3*k, 0 = x + i*k - 94. Calculate the greatest common factor of x and 12.
12
Let c = 272 + -45. Suppose 3*a + c = -2*x + 4*x, -5*a + 219 = 2*x. Calculate the greatest common factor of 14 and x.
14
Let g be 23 - -1 - 132/(-44). Let r = 13 + -19. Let q(a) = -a**3 - 7*a**2 - 7*a - 3. Let j be q(r). What is the highest common divisor of j and g?
3
Let i(b) = 36*b**2 + 10*b + 1. Let m be i(-2). Calculate the highest common factor of 175 and m.
25
Let b be 452/9 + (-12)/54. Let y(q) = 35*q**2 - q - 1. Let x be y(-1). Let g = b - x. What is the highest common factor of g and 5?
5
Let i(g) = 31*g**2 - 5*g - 4. Let k be i(-1). Suppose 2*c = 6, 4*c = -2*r + 253 - 81. Calculate the greatest common divisor of r and k.
16
Suppose 2*w = -3*g + 47, 3*w - 5 = -3*g + 64. Let k = -2295 - -2383. What is the highest common divisor of w and k?
22
Let o(w) = -w**2 - w + 9. Let x be o(0). Suppose -4*u = -5*t, 2*t + 5*u = 4*t. Suppose 3*k - 30 + 3 = t. What is the highest common factor of x and k?
9
Suppose 2*d - 101 - 117 = -5*k, -464 = -4*d - 3*k. Let p be ((-7650)/(-1350))/((-1)/3*-1). What is the greatest common factor of p and d?
17
Let s be 0*1/(-2) + 10. Suppose 372 = 16*o - 12*o. Let l be (-3)/((-9)/o) - 1. Calculate the highest common divisor of l and s.
10
Suppose 73 + 27 = 10*p. Suppose 2*a - 140 = -0*a. Calculate the greatest common factor of p and a.
10
Suppose -324 = -4*t + z, 10*z = 4*t + 7*z - 332. Let o(y) = y**2 - 5*y - 8. Let w be o(8). What is the greatest common factor of w and t?
16
Let w be 3 + 2 - 2 - -4. Let i = -37 - -100. What is the greatest common factor of i and w?
7
Suppose 2*y - 97 = -17. Let p = 48 + -32. What is the highest common factor of y and p?
8
Suppose 0 = -4*g - 5*i + 28, -2*i + 22 = 3*g + 2*i. Suppose -3 = t + 11. Let x = t + 17. Calculate the greatest common divisor of g and x.
1
Suppose 5*i + 86 = -44. Let k be (i + 8)/(2/(-4)). Calculate the greatest common divisor of k and 54.
18
Let j = -386 - -570. What is the highest common factor of j and 8?
8
Let n be 15 - (4/5)/((-46)/115). What is the highest common divisor of n and 221?
17
Let a(w) be the second derivative of w**4/2 + w**3 + w**2 - w. Let h be (-10)/(-35) + 32/(-14). Let o be a(h). What is the highest common factor of 154 and o?
14
Let m(r) = r**3 + 5*r**2 - r - 21. Let n be m(4). What is the highest common divisor of n and 34?
17
Let x be -9*((-12)/18)/(4/22). Suppose 5*q = x + 52. Calculate the highest common factor of 68 and q.
17
Let q(x) = -x**3 - 5*x**2 + x + 3. Let i be q(-5). Let t be 3 - (22 - i)/(-3). Let d = 184 + -129. What is the highest common factor of d and t?
11
Suppose 12*b - 10*b - 310 = 0. What is the highest common factor of 124 and b?
31
Let d = -272 + 386. Let b(u) = -14*u + 20. Let w be b(-4). Calculate the greatest common divisor of d and w.
38
Suppose -7*n + 2708 - 2596 = 0. Suppose 16 = -0*o + 2*o. Calculate the highest common factor of n and o.
8
Let d be (-9)/(540/24) + (-3164)/(-10). What is the greatest common divisor of 4 and d?
4
Let r be 453/1661 + (-1229)/(-11). Let t be (26 + -2)/((-6)/(-4)). Calculate the highest common divisor of r and t.
16
Let o be (-5)/(-10) + (-158)/4. Let m = o - -62. Let v = m - 3. What is the greatest common divisor of 180 and v?
20
Suppose -75000 = -275*o + 251*o. What is the highest common factor of 250 and o?
125
Let z(d) be the first derivative of 7*d**2/2 - 28*d + 7. Let f be z(5). What is the highest common factor of f and 7?
7
Suppose -m - 4*m + 140 = 0. Let n = -1356 + 1370. Calculate the greatest common factor of m and n.
14
Suppose -36*g = -44*g + 136. Calculate the greatest common divisor of 34 and g.
17
Let p = 153 - 99. Suppose -10 = -4*a + p. What is the greatest common divisor of 2 and a?
2
Let w(y) = 10*y**3 - 5*y - 5. Let p be w(-2). Let h = p + 159. Let s be (-36)/(-10)*30/9. Calculate the highest common factor of s and h.
12
Suppose -58 = -4*l - 2*v, 15 = 4*l - 5*v - 8. Suppose -5*j = -j - l. Suppose -n + j*n = 160. What is the greatest common factor of n and 10?
10
Let l be (-2 - 17/(-2))/((-7)/(-210)). Calculate the greatest common divisor of l and 15.
15
Suppose 0 = 3*z + 38*l - 41*l - 702, -5*l = -2*z + 456. Calculate the highest common factor of 1547 and z.
119
Suppose 62 + 6 = -2*o. Let n = o + 88. What is the highest common factor of 18 and n?
18
Let z be 1 - 2 - -1*29. Let i(f) = -f**2 + 9*f + 17. Let x be -2 - 2 - 14*-1. Let w be i(x). Calculate the greatest common factor of z and w.
7
Let w = 23 - 8. Let m(p) = -p**3 + 2*p - 1. Let q be m(1). Suppose -698 - 112 = -5*j + 5*g, 4*g - 12 = q. Calculate the greatest common factor of j and w.
15
Let s be -42 - -41 - (2 + -28). What is the greatest common factor of 25 and s?
25
Let o(i) = -14*i - 52. Let s(l) = 6*l**3 + 2*l**2 - 3*l - 4. Let d be s(-1). Let z be o(d). Calculate the greatest common divisor of 342 and z.
18
Let u be (1 + -2 + -1)*-2. Suppose 4*s = o - 83, u*o - 2*o = -2. Let v = -6 - s. Calculate the greatest common factor of 15 and v.
15
Suppose -2*n + 6 = 4, 3*p - n = 3851. Calculate the greatest common divisor of 12 and p.
12
Let i = -4 + 13. Let w = i - 7. Suppose 4*s - 5*r = 4, -2*s + 0*r + 28 = 4*r. What is the highest common divisor of s and w?
2
Let g(c) = -4*c**3 - 3*c**2 - 4*c - 1. Suppose 9*z = 7*z - 4. Let q be g(z). Calculate the highest common divisor of q and 45.
9
Let f be 1/(-2)*(-23 + -33). Suppose 3*v + 4*i - 38 = 0, 2*v - 8 = 5*i + 25. Calculate the highest common divisor of f and v.
14
Suppose p - 12 = 23*v - 27*v, 5*v = 3*p - 36. What is the greatest common factor of 348 and p?
12
Let q be ((7245/14)/15 - 5)*12. Calculate the greatest common factor of q and 944.
118
Suppose -m = -2*r - 15, 4*r = 4*m + 2*r - 66. Suppose -73 = -5*v + m. Calculate the highest common factor of 72 and v.
18
